{"id":1096,"date":"2023-06-15T15:48:10","date_gmt":"2023-06-15T20:48:10","guid":{"rendered":"https:\/\/fundacionprema.org\/ws\/?page_id=1096"},"modified":"2023-08-23T17:41:02","modified_gmt":"2023-08-23T22:41:02","slug":"un-entornos-y-cultura-del-amor-en-familia","status":"publish","type":"page","link":"https:\/\/fundacionprema.org\/ws\/un-entornos-y-cultura-del-amor-en-familia\/","title":{"rendered":"Un Entornos y Cultura del Amor en Familia"},"content":{"rendered":"\t\t<div data-elementor-type=\"wp-page\" data-elementor-id=\"1096\" class=\"elementor elementor-1096\" data-elementor-settings=\"{&quot;ha_cmc_init_switcher&quot;:&quot;no&quot;}\" data-elementor-post-type=\"page\">\n\t\t\t\t<div class=\"elementor-element elementor-element-3e2886f e-con-full e-flex e-con e-parent\" data-id=\"3e2886f\" data-element_type=\"container\" data-settings=\"{&quot;background_background&quot;:&quot;classic&quot;,&quot;_ha_eqh_enable&quot;:false}\">\n\t\t\t\t<div class=\"elementor-element elementor-element-d78249b elementor-widget elementor-widget-heading\" data-id=\"d78249b\" data-element_type=\"widget\" data-widget_type=\"heading.default\">\n\t\t\t\t<div class=\"elementor-widget-container\">\n\t\t\t\t\t<h2 class=\"elementor-heading-title elementor-size-default\">Un Entorno y Cultura del Amor en Familia<\/h2>\t\t\t\t<\/div>\n\t\t\t\t<\/div>\n\t\t\t\t<\/div>\n\t\t<div class=\"elementor-element elementor-element-83155ea e-flex e-con-boxed e-con e-parent\" data-id=\"83155ea\" data-element_type=\"container\" data-settings=\"{&quot;_ha_eqh_enable&quot;:false}\">\n\t\t\t\t\t<div class=\"e-con-inner\">\n\t\t\t\t<div class=\"elementor-element elementor-element-bab07c8 elementor-widget elementor-widget-heading\" data-id=\"bab07c8\" data-element_type=\"widget\" data-widget_type=\"heading.default\">\n\t\t\t\t<div class=\"elementor-widget-container\">\n\t\t\t\t\t<h2 class=\"elementor-heading-title elementor-size-default\">Los ni\u00f1os necesitan poder acurrucarse en la calidez de un hogar, donde se sientan seguros, aceptados y amados\n<\/h2>\t\t\t\t<\/div>\n\t\t\t\t<\/div>\n\t\t\t\t<div class=\"elementor-element elementor-element-9c61f0a elementor-widget elementor-widget-text-editor\" data-id=\"9c61f0a\" data-element_type=\"widget\" data-widget_type=\"text-editor.default\">\n\t\t\t\t<div class=\"elementor-widget-container\">\n\t\t\t\t\t\t\t\t\t<p><em>\u201cSer coherente con lo que uno piensa, dice y hace es b\u00e1sico\u201d. ~ Sathya Sai<\/em><br \/><em>Si los ni\u00f1os encuentran respeto, comprensi\u00f3n y amor en su entorno, no es necesario ning\u00fan esfuerzo especial. Si la familia planifica sus actividades de acuerdo y se esfuerza por cultivar momentos de alegr\u00eda y felicidad, y por aprovechar al m\u00e1ximo el tiempo que pasan juntos, se establece una buena base sana. Los padres deben apoyar las propensiones innatas de sus hijos y motivarlos a establecer metas. Deben ayudarlos a fomentar la autoestima elogiando y alentando sus cualidades ocultas, as\u00ed como los talentos que han aprendido a expresar.<\/em><\/p>\t\t\t\t\t\t\t\t<\/div>\n\t\t\t\t<\/div>\n\t\t\t\t\t<\/div>\n\t\t\t\t<\/div>\n\t\t<div class=\"elementor-element elementor-element-bd22258 e-flex e-con-boxed e-con e-parent\" data-id=\"bd22258\" data-element_type=\"container\" data-settings=\"{&quot;_ha_eqh_enable&quot;:false}\">\n\t\t\t\t\t<div class=\"e-con-inner\">\n\t\t<div class=\"elementor-element elementor-element-2fe42b5 e-con-full e-flex e-con e-parent\" data-id=\"2fe42b5\" data-element_type=\"container\" data-settings=\"{&quot;_ha_eqh_enable&quot;:false}\">\n\t\t\t\t<div class=\"elementor-element elementor-element-e075283 elementor-widget elementor-widget-image\" data-id=\"e075283\" data-element_type=\"widget\" data-widget_type=\"image.default\">\n\t\t\t\t<div class=\"elementor-widget-container\">\n\t\t\t\t\t\t\t\t\t\t\t\t\t\t\t<img fetchpriority=\"high\" decoding=\"async\" width=\"735\" height=\"957\" src=\"https:\/\/i0.wp.com\/fundacionprema.org\/ws\/wp-content\/uploads\/2023\/08\/Fotos-entorno.png?fit=735%2C957&amp;ssl=1\" class=\"attachment-large size-large wp-image-1568\" alt=\"\" srcset=\"https:\/\/i0.wp.com\/fundacionprema.org\/ws\/wp-content\/uploads\/2023\/08\/Fotos-entorno.png?w=735&amp;ssl=1 735w, https:\/\/i0.wp.com\/fundacionprema.org\/ws\/wp-content\/uploads\/2023\/08\/Fotos-entorno.png?resize=230%2C300&amp;ssl=1 230w\" sizes=\"(max-width: 735px) 100vw, 735px\" \/>\t\t\t\t\t\t\t\t\t\t\t\t\t\t\t<\/div>\n\t\t\t\t<\/div>\n\t\t\t\t<\/div>\n\t\t<div class=\"elementor-element elementor-element-763cb5c e-con-full e-flex e-con e-parent\" data-id=\"763cb5c\" data-element_type=\"container\" data-settings=\"{&quot;_ha_eqh_enable&quot;:false}\">\n\t\t\t\t<div class=\"elementor-element elementor-element-21b752a elementor-widget elementor-widget-text-editor\" data-id=\"21b752a\" data-element_type=\"widget\" data-widget_type=\"text-editor.default\">\n\t\t\t\t<div class=\"elementor-widget-container\">\n\t\t\t\t\t\t\t\t\tLos rasgos de car\u00e1cter como la determinaci\u00f3n, el buen comportamiento y los logros escolares se fortalecer\u00e1n cuando los padres muestren su agradecimiento.\n<br><br>\nEl orden, la disciplina y la coherencia son rasgos primordiales de una buena educaci\u00f3n. El amor y la disciplina no se contradicen.\n<br><br>\nSi amamos a los ni\u00f1os, debemos advertirles contra el efecto de las malas tendencias y h\u00e1bitos, y al mismo tiempo ser una inspiraci\u00f3n para ellos, para que puedan pensar en la l\u00ednea de la verdad, proporcion\u00e1ndoles as\u00ed un hito: una vida consciente.\n<br><br>\nPor el contrario, cuando damos a los ni\u00f1os juego libre, no solo los mimamos, sino que restringimos su crecimiento y madurez. Los l\u00edmites deben establecerse firmemente y las consecuencias correctivas de romper las reglas deben explicarse claramente.\n<br><br>\nA los ni\u00f1os se les deben asignar deberes y responsabilidades que coincidan con su edad y habilidades, as\u00ed como la libertad de tomar decisiones independientes que sean adecuadas para ellos, pero solo cuando se les haya informado de que cada acci\u00f3n tiene una reacci\u00f3n.\n<br><br>\n<i><span style=\"font-weight: 400;\">&#8220;Las palabras del coraz\u00f3n llegan al coraz\u00f3n de los dem\u00e1s, las\u00a0palabras de la lengua s\u00f3lo llegan a los o\u00eddos&#8221;.\u00a0~ Proverbio esloveno<\/span><\/i>\t\t\t\t\t\t\t\t<\/div>\n\t\t\t\t<\/div>\n\t\t\t\t<\/div>\n\t\t\t\t\t<\/div>\n\t\t\t\t<\/div>\n\t\t<div class=\"elementor-element elementor-element-51d44fe e-flex e-con-boxed e-con e-parent\" data-id=\"51d44fe\" data-element_type=\"container\" data-settings=\"{&quot;_ha_eqh_enable&quot;:false}\">\n\t\t\t\t\t<div class=\"e-con-inner\">\n\t\t\t\t<div class=\"elementor-element elementor-element-6b5a54b elementor-widget elementor-widget-heading\" data-id=\"6b5a54b\" data-element_type=\"widget\" data-widget_type=\"heading.default\">\n\t\t\t\t<div class=\"elementor-widget-container\">\n\t\t\t\t\t<h2 class=\"elementor-heading-title elementor-size-default\">Consejos y secretos para encender un ambiente familiar feliz:\n<\/h2>\t\t\t\t<\/div>\n\t\t\t\t<\/div>\n\t\t\t\t<div class=\"elementor-element elementor-element-97599dd elementor-widget elementor-widget-text-editor\" data-id=\"97599dd\" data-element_type=\"widget\" data-widget_type=\"text-editor.default\">\n\t\t\t\t<div class=\"elementor-widget-container\">\n\t\t\t\t\t\t\t\t\tpora ellos ahora, cuando nos necesiten. Si no es as\u00ed, es posible que no nos busquen la &#8220;pr\u00f3xima vez&#8221; que lo hagan.\nAseg\u00farese de darles a nuestros ni\u00f1os al menos &#8216;cinco minutos de atenci\u00f3n real&#8217; por d\u00eda escuch\u00e1ndolos con concentraci\u00f3n y paciencia. Dediquemos tiempo a desarrollar un &#8216;o\u00eddo amoroso&#8217; para hacerlo.\n\nesarrollemos la comunicaci\u00f3n &#8220;de coraz\u00f3n a coraz\u00f3n&#8221; y recordemos que el amor es la &#8220;vitamina&#8221; m\u00e1s importante para el desarrollo integral de los ni\u00f1os. Solo siendo un ejemplo de amor podemos inspirar a los ni\u00f1os a ser seres humanos amorosos.\nSeamos conscientes de los &#8216;ladrones&#8217; de la vida familiar y no permitamos que distracciones como la televisi\u00f3n, las computadoras, los tel\u00e9fonos y otros dispositivos nos roben el tiempo juntos.\n\t\t\t\t\t\t\t\t<\/div>\n\t\t\t\t<\/div>\n\t\t\t\t\t<\/div>\n\t\t\t\t<\/div>\n\t\t<div class=\"elementor-element elementor-element-ae75553 e-flex e-con-boxed e-con e-parent\" data-id=\"ae75553\" data-element_type=\"container\" data-settings=\"{&quot;_ha_eqh_enable&quot;:false}\">\n\t\t\t\t\t<div class=\"e-con-inner\">\n\t\t<div class=\"elementor-element elementor-element-e726471 e-con-full e-flex e-con e-parent\" data-id=\"e726471\" data-element_type=\"container\" data-settings=\"{&quot;_ha_eqh_enable&quot;:false}\">\n\t\t\t\t<div class=\"elementor-element elementor-element-3c2b21e elementor-widget elementor-widget-text-editor\" data-id=\"3c2b21e\" data-element_type=\"widget\" data-widget_type=\"text-editor.default\">\n\t\t\t\t<div class=\"elementor-widget-container\">\n\t\t\t\t\t\t\t\t\tValoremos las caracter\u00edsticas positivas, los talentos y la belleza interior del ni\u00f1o.<br><br>\nRecordemos aplaudir su bondad, motivar y alentar, ya que esto tambi\u00e9n es parte de la educaci\u00f3n.\n<br><br>\nRecordemos que si permitimos que los ni\u00f1os tomen el camino equivocado, alg\u00fan d\u00eda enfrentaremos las consecuencias.\n<br><br>\nRecordemos que los ni\u00f1os deben respetar los l\u00edmites que se les dan, pero tambi\u00e9n deben tener la oportunidad de expresar su punto de vista y su opini\u00f3n.\n<br><br>\nRecordemos que es importante ser honestos y objetivos con uno mismo y con los ni\u00f1os, y que las restricciones y consecuencias deben ser justas.\n<br><br>\nRecordemos que no debemos subestimar la importancia de la comida, que es lo que comemos, sino tambi\u00e9n lo que leemos, vemos, escuchamos, olemos\u2026\nRecordemos que los ni\u00f1os se beneficiar\u00e1n de una buena asociaci\u00f3n matrimonial y aprender\u00e1n sobre la vida familiar tambi\u00e9n a trav\u00e9s de la relaci\u00f3n de sus padres.\n<br><br>\nRecordemos permitir que los ni\u00f1os desarrollen admiraci\u00f3n y respeto por la naturaleza, porque solo estando en la naturaleza aprender\u00e1n a sentirla, amarla y protegerla.\t\t\t\t\t\t\t\t<\/div>\n\t\t\t\t<\/div>\n\t\t\t\t<\/div>\n\t\t<div class=\"elementor-element elementor-element-989d6da e-con-full e-flex e-con e-parent\" data-id=\"989d6da\" data-element_type=\"container\" data-settings=\"{&quot;_ha_eqh_enable&quot;:false}\">\n\t\t\t\t<div class=\"elementor-element elementor-element-7203807 elementor-widget elementor-widget-text-editor\" data-id=\"7203807\" data-element_type=\"widget\" data-widget_type=\"text-editor.default\">\n\t\t\t\t<div class=\"elementor-widget-container\">\n\t\t\t\t\t\t\t\t\t<p>Recordemos que podemos crear bondad solo a trav\u00e9s del pensamiento positivo y que un esp\u00edritu optimista y un sentido del humor pueden ser actores motivadores en la familia.<\/p><p>Recordemos buscar el bien en todas las personas, cosas y situaciones.<\/p><p>Recordemos ayudar a los ni\u00f1os a entender que la acumulaci\u00f3n de bienes materiales no es la meta, ni el sentido de la vida, al no acumularnos o estropearlos con demasiados bienes y bienes materiales.<br \/><br \/>Recordemos que debemos ser un ejemplo para nuestros hijos en el manejo del tiempo, el dinero, la comida y la energ\u00eda.<br \/><br \/>Recordemos no desperdiciar estos preciosos recursos.<br \/>Recordemos no fomentar la competencia entre los ni\u00f1os compar\u00e1ndolos con otros.<br \/><br \/>Anim\u00e9mosles a &#8220;competir&#8221; consigo mismos, para sacar todo su potencial.<br \/><br \/>Recordemos que cada ni\u00f1o es un ser creativo \u00fanico, irrepetible y que si tratamos a los ni\u00f1os de esa manera, reconocer\u00e1n su propio valor y desarrollar\u00e1n el respeto por s\u00ed mismos y por los dem\u00e1s.<\/p><p>\u00a0<\/p>\t\t\t\t\t\t\t\t<\/div>\n\t\t\t\t<\/div>\n\t\t\t\t<\/div>\n\t\t\t\t\t<\/div>\n\t\t\t\t<\/div>\n\t\t\t\t<\/div>\n\t\t","protected":false},"excerpt":{"rendered":"<p>Un Entorno y Cultura del Amor en Familia Los ni\u00f1os necesitan poder acurrucarse en la calidez de un hogar, donde se sientan seguros, aceptados y amados \u201cSer coherente con lo que uno piensa, dice y hace es b\u00e1sico\u201d. ~ Sathya SaiSi los ni\u00f1os encuentran respeto, comprensi\u00f3n y amor en su entorno, no es necesario ning\u00fan [&hellip;]<\/p>\n","protected":false},"author":1,"featured_media":0,"parent":0,"menu_order":0,"comment_status":"closed","ping_status":"closed","template":"","meta":{"footnotes":""},"class_list":["post-1096","page","type-page","status-publish","hentry"],"jetpack_sharing_enabled":true,"_links":{"self":[{"href":"https:\/\/fundacionprema.org\/ws\/wp-json\/wp\/v2\/pages\/1096","targetHints":{"allow":["GET"]}}],"collection":[{"href":"https:\/\/fundacionprema.org\/ws\/wp-json\/wp\/v2\/pages"}],"about":[{"href":"https:\/\/fundacionprema.org\/ws\/wp-json\/wp\/v2\/types\/page"}],"author":[{"embeddable":true,"href":"https:\/\/fundacionprema.org\/ws\/wp-json\/wp\/v2\/users\/1"}],"replies":[{"embeddable":true,"href":"https:\/\/fundacionprema.org\/ws\/wp-json\/wp\/v2\/comments?post=1096"}],"version-history":[{"count":58,"href":"https:\/\/fundacionprema.org\/ws\/wp-json\/wp\/v2\/pages\/1096\/revisions"}],"predecessor-version":[{"id":1881,"href":"https:\/\/fundacionprema.org\/ws\/wp-json\/wp\/v2\/pages\/1096\/revisions\/1881"}],"wp:attachment":[{"href":"https:\/\/fundacionprema.org\/ws\/wp-json\/wp\/v2\/media?parent=1096"}],"curies":[{"name":"wp","href":"https:\/\/api.w.org\/{rel}","templated":true}]}}

<div data-elementor-type="wp-page" data-elementor-id="1096" class="elementor elementor-1096" data-elementor-settings="{&quot;ha_cmc_init_switcher&quot;:&quot;no&quot;}" data-elementor-post-type="page">
				<div class="elementor-element elementor-element-3e2886f e-con-full e-flex e-con e-parent" data-id="3e2886f" data-element_type="container" data-settings="{&quot;background_background&quot;:&quot;classic&quot;,&quot;_ha_eqh_enable&quot;:false}">
				<div class="elementor-element elementor-element-d78249b elementor-widget elementor-widget-heading" data-id="d78249b" data-element_type="widget" data-widget_type="heading.default">
				<div class="elementor-widget-container">
					<h2 class="elementor-heading-title elementor-size-default">Un Entorno y Cultura del Amor en Familia</h2>				</div>
				</div>
				</div>
		<div class="elementor-element elementor-element-83155ea e-flex e-con-boxed e-con e-parent" data-id="83155ea" data-element_type="container" data-settings="{&quot;_ha_eqh_enable&quot;:false}">
					<div class="e-con-inner">
				<div class="elementor-element elementor-element-bab07c8 elementor-widget elementor-widget-heading" data-id="bab07c8" data-element_type="widget" data-widget_type="heading.default">
				<div class="elementor-widget-container">
					<h2 class="elementor-heading-title elementor-size-default">Los niños necesitan poder acurrucarse en la calidez de un hogar, donde se sientan seguros, aceptados y amados
</h2>				</div>
				</div>
				<div class="elementor-element elementor-element-9c61f0a elementor-widget elementor-widget-text-editor" data-id="9c61f0a" data-element_type="widget" data-widget_type="text-editor.default">
				<div class="elementor-widget-container">
									<p><em>“Ser coherente con lo que uno piensa, dice y hace es básico”. ~ Sathya Sai</em><br /><em>Si los niños encuentran respeto, comprensión y amor en su entorno, no es necesario ningún esfuerzo especial. Si la familia planifica sus actividades de acuerdo y se esfuerza por cultivar momentos de alegría y felicidad, y por aprovechar al máximo el tiempo que pasan juntos, se establece una buena base sana. Los padres deben apoyar las propensiones innatas de sus hijos y motivarlos a establecer metas. Deben ayudarlos a fomentar la autoestima elogiando y alentando sus cualidades ocultas, así como los talentos que han aprendido a expresar.</em></p>								</div>
				</div>
					</div>
				</div>
		<div class="elementor-element elementor-element-bd22258 e-flex e-con-boxed e-con e-parent" data-id="bd22258" data-element_type="container" data-settings="{&quot;_ha_eqh_enable&quot;:false}">
					<div class="e-con-inner">
		<div class="elementor-element elementor-element-2fe42b5 e-con-full e-flex e-con e-parent" data-id="2fe42b5" data-element_type="container" data-settings="{&quot;_ha_eqh_enable&quot;:false}">
				<div class="elementor-element elementor-element-e075283 elementor-widget elementor-widget-image" data-id="e075283" data-element_type="widget" data-widget_type="image.default">
				<div class="elementor-widget-container">
															<img fetchpriority="high" decoding="async" width="735" height="957" src="https://i0.wp.com/fundacionprema.org/ws/wp-content/uploads/2023/08/Fotos-entorno.png?fit=735%2C957&amp;ssl=1" class="attachment-large size-large wp-image-1568" alt="" srcset="https://i0.wp.com/fundacionprema.org/ws/wp-content/uploads/2023/08/Fotos-entorno.png?w=735&amp;ssl=1 735w, https://i0.wp.com/fundacionprema.org/ws/wp-content/uploads/2023/08/Fotos-entorno.png?resize=230%2C300&amp;ssl=1 230w" sizes="(max-width: 735px) 100vw, 735px" />															</div>
				</div>
				</div>
		<div class="elementor-element elementor-element-763cb5c e-con-full e-flex e-con e-parent" data-id="763cb5c" data-element_type="container" data-settings="{&quot;_ha_eqh_enable&quot;:false}">
				<div class="elementor-element elementor-element-21b752a elementor-widget elementor-widget-text-editor" data-id="21b752a" data-element_type="widget" data-widget_type="text-editor.default">
				<div class="elementor-widget-container">
									Los rasgos de carácter como la determinación, el buen comportamiento y los logros escolares se fortalecerán cuando los padres muestren su agradecimiento.
<br><br>
El orden, la disciplina y la coherencia son rasgos primordiales de una buena educación. El amor y la disciplina no se contradicen.
<br><br>
Si amamos a los niños, debemos advertirles contra el efecto de las malas tendencias y hábitos, y al mismo tiempo ser una inspiración para ellos, para que puedan pensar en la línea de la verdad, proporcionándoles así un hito: una vida consciente.
<br><br>
Por el contrario, cuando damos a los niños juego libre, no solo los mimamos, sino que restringimos su crecimiento y madurez. Los límites deben establecerse firmemente y las consecuencias correctivas de romper las reglas deben explicarse claramente.
<br><br>
A los niños se les deben asignar deberes y responsabilidades que coincidan con su edad y habilidades, así como la libertad de tomar decisiones independientes que sean adecuadas para ellos, pero solo cuando se les haya informado de que cada acción tiene una reacción.
<br><br>
<i><span style="font-weight: 400;">&#8220;Las palabras del corazón llegan al corazón de los demás, las palabras de la lengua sólo llegan a los oídos&#8221;. ~ Proverbio esloveno</span></i>								</div>
				</div>
				</div>
					</div>
				</div>
		<div class="elementor-element elementor-element-51d44fe e-flex e-con-boxed e-con e-parent" data-id="51d44fe" data-element_type="container" data-settings="{&quot;_ha_eqh_enable&quot;:false}">
					<div class="e-con-inner">
				<div class="elementor-element elementor-element-6b5a54b elementor-widget elementor-widget-heading" data-id="6b5a54b" data-element_type="widget" data-widget_type="heading.default">
				<div class="elementor-widget-container">
					<h2 class="elementor-heading-title elementor-size-default">Consejos y secretos para encender un ambiente familiar feliz:
</h2>				</div>
				</div>
				<div class="elementor-element elementor-element-97599dd elementor-widget elementor-widget-text-editor" data-id="97599dd" data-element_type="widget" data-widget_type="text-editor.default">
				<div class="elementor-widget-container">
									pora ellos ahora, cuando nos necesiten. Si no es así, es posible que no nos busquen la &#8220;próxima vez&#8221; que lo hagan.
Asegúrese de darles a nuestros niños al menos &#8216;cinco minutos de atención real&#8217; por día escuchándolos con concentración y paciencia. Dediquemos tiempo a desarrollar un &#8216;oído amoroso&#8217; para hacerlo.

esarrollemos la comunicación &#8220;de corazón a corazón&#8221; y recordemos que el amor es la &#8220;vitamina&#8221; más importante para el desarrollo integral de los niños. Solo siendo un ejemplo de amor podemos inspirar a los niños a ser seres humanos amorosos.
Seamos conscientes de los &#8216;ladrones&#8217; de la vida familiar y no permitamos que distracciones como la televisión, las computadoras, los teléfonos y otros dispositivos nos roben el tiempo juntos.
								</div>
				</div>
					</div>
				</div>
		<div class="elementor-element elementor-element-ae75553 e-flex e-con-boxed e-con e-parent" data-id="ae75553" data-element_type="container" data-settings="{&quot;_ha_eqh_enable&quot;:false}">
					<div class="e-con-inner">
		<div class="elementor-element elementor-element-e726471 e-con-full e-flex e-con e-parent" data-id="e726471" data-element_type="container" data-settings="{&quot;_ha_eqh_enable&quot;:false}">
				<div class="elementor-element elementor-element-3c2b21e elementor-widget elementor-widget-text-editor" data-id="3c2b21e" data-element_type="widget" data-widget_type="text-editor.default">
				<div class="elementor-widget-container">
									Valoremos las características positivas, los talentos y la belleza interior del niño.<br><br>
Recordemos aplaudir su bondad, motivar y alentar, ya que esto también es parte de la educación.
<br><br>
Recordemos que si permitimos que los niños tomen el camino equivocado, algún día enfrentaremos las consecuencias.
<br><br>
Recordemos que los niños deben respetar los límites que se les dan, pero también deben tener la oportunidad de expresar su punto de vista y su opinión.
<br><br>
Recordemos que es importante ser honestos y objetivos con uno mismo y con los niños, y que las restricciones y consecuencias deben ser justas.
<br><br>
Recordemos que no debemos subestimar la importancia de la comida, que es lo que comemos, sino también lo que leemos, vemos, escuchamos, olemos…
Recordemos que los niños se beneficiarán de una buena asociación matrimonial y aprenderán sobre la vida familiar también a través de la relación de sus padres.
<br><br>
Recordemos permitir que los niños desarrollen admiración y respeto por la naturaleza, porque solo estando en la naturaleza aprenderán a sentirla, amarla y protegerla.								</div>
				</div>
				</div>
		<div class="elementor-element elementor-element-989d6da e-con-full e-flex e-con e-parent" data-id="989d6da" data-element_type="container" data-settings="{&quot;_ha_eqh_enable&quot;:false}">
				<div class="elementor-element elementor-element-7203807 elementor-widget elementor-widget-text-editor" data-id="7203807" data-element_type="widget" data-widget_type="text-editor.default">
				<div class="elementor-widget-container">
									<p>Recordemos que podemos crear bondad solo a través del pensamiento positivo y que un espíritu optimista y un sentido del humor pueden ser actores motivadores en la familia.</p><p>Recordemos buscar el bien en todas las personas, cosas y situaciones.</p><p>Recordemos ayudar a los niños a entender que la acumulación de bienes materiales no es la meta, ni el sentido de la vida, al no acumularnos o estropearlos con demasiados bienes y bienes materiales.<br /><br />Recordemos que debemos ser un ejemplo para nuestros hijos en el manejo del tiempo, el dinero, la comida y la energía.<br /><br />Recordemos no desperdiciar estos preciosos recursos.<br />Recordemos no fomentar la competencia entre los niños comparándolos con otros.<br /><br />Animémosles a &#8220;competir&#8221; consigo mismos, para sacar todo su potencial.<br /><br />Recordemos que cada niño es un ser creativo único, irrepetible y que si tratamos a los niños de esa manera, reconocerán su propio valor y desarrollarán el respeto por sí mismos y por los demás.</p><p> </p>								</div>
				</div>
				</div>
					</div>
				</div>
				</div>

<p>Un Entorno y Cultura del Amor en Familia Los niños necesitan poder acurrucarse en la calidez de un hogar, donde se sientan seguros, aceptados y amados “Ser coherente con lo que uno piensa, dice y hace es básico”. ~ Sathya SaiSi los niños encuentran respeto, comprensión y amor en su entorno, no es necesario ningún [&hellip;]</p>
