{"id":1124,"date":"2023-06-16T11:07:44","date_gmt":"2023-06-16T16:07:44","guid":{"rendered":"https:\/\/fundacionprema.org\/ws\/?page_id=1124"},"modified":"2023-08-02T16:48:08","modified_gmt":"2023-08-02T21:48:08","slug":"conocete-a-ti-mismo","status":"publish","type":"page","link":"https:\/\/fundacionprema.org\/ws\/conocete-a-ti-mismo\/","title":{"rendered":"Con\u00f3cete a Ti Mismo"},"content":{"rendered":"\t\t<div data-elementor-type=\"wp-page\" data-elementor-id=\"1124\" class=\"elementor elementor-1124\" data-elementor-settings=\"{&quot;ha_cmc_init_switcher&quot;:&quot;no&quot;}\" data-elementor-post-type=\"page\">\n\t\t\t\t<div class=\"elementor-element elementor-element-3e2886f e-con-full e-flex e-con e-parent\" data-id=\"3e2886f\" data-element_type=\"container\" data-settings=\"{&quot;background_background&quot;:&quot;classic&quot;,&quot;_ha_eqh_enable&quot;:false}\">\n\t\t\t\t<div class=\"elementor-element elementor-element-d78249b elementor-widget elementor-widget-heading\" data-id=\"d78249b\" data-element_type=\"widget\" data-widget_type=\"heading.default\">\n\t\t\t\t<div class=\"elementor-widget-container\">\n\t\t\t\t\t<h2 class=\"elementor-heading-title elementor-size-default\">Con\u00f3cete a <br>Ti Mismo<\/h2>\t\t\t\t<\/div>\n\t\t\t\t<\/div>\n\t\t\t\t<\/div>\n\t\t<div class=\"elementor-element elementor-element-83155ea e-flex e-con-boxed e-con e-parent\" data-id=\"83155ea\" data-element_type=\"container\" data-settings=\"{&quot;_ha_eqh_enable&quot;:false}\">\n\t\t\t\t\t<div class=\"e-con-inner\">\n\t\t\t\t<div class=\"elementor-element elementor-element-bab07c8 elementor-widget elementor-widget-heading\" data-id=\"bab07c8\" data-element_type=\"widget\" data-widget_type=\"heading.default\">\n\t\t\t\t<div class=\"elementor-widget-container\">\n\t\t\t\t\t<h2 class=\"elementor-heading-title elementor-size-default\">En el PVH la transformaci\u00f3n individual es el <br>fundamento para el cambio colectivo\n<\/h2>\t\t\t\t<\/div>\n\t\t\t\t<\/div>\n\t\t\t\t\t<\/div>\n\t\t\t\t<\/div>\n\t\t<div class=\"elementor-element elementor-element-bd22258 e-flex e-con-boxed e-con e-parent\" data-id=\"bd22258\" data-element_type=\"container\" data-settings=\"{&quot;_ha_eqh_enable&quot;:false}\">\n\t\t\t\t\t<div class=\"e-con-inner\">\n\t\t<div class=\"elementor-element elementor-element-2fe42b5 e-con-full e-flex e-con e-parent\" data-id=\"2fe42b5\" data-element_type=\"container\" data-settings=\"{&quot;_ha_eqh_enable&quot;:false}\">\n\t\t\t\t<div class=\"elementor-element elementor-element-e075283 elementor-widget elementor-widget-image\" data-id=\"e075283\" data-element_type=\"widget\" data-widget_type=\"image.default\">\n\t\t\t\t<div class=\"elementor-widget-container\">\n\t\t\t\t\t\t\t\t\t\t\t\t\t\t\t<img fetchpriority=\"high\" decoding=\"async\" width=\"735\" height=\"957\" src=\"https:\/\/i0.wp.com\/fundacionprema.org\/ws\/wp-content\/uploads\/2023\/08\/Fotos-conocete.png?fit=735%2C957&amp;ssl=1\" class=\"attachment-large size-large wp-image-1573\" alt=\"\" srcset=\"https:\/\/i0.wp.com\/fundacionprema.org\/ws\/wp-content\/uploads\/2023\/08\/Fotos-conocete.png?w=735&amp;ssl=1 735w, https:\/\/i0.wp.com\/fundacionprema.org\/ws\/wp-content\/uploads\/2023\/08\/Fotos-conocete.png?resize=230%2C300&amp;ssl=1 230w\" sizes=\"(max-width: 735px) 100vw, 735px\" \/>\t\t\t\t\t\t\t\t\t\t\t\t\t\t\t<\/div>\n\t\t\t\t<\/div>\n\t\t\t\t<\/div>\n\t\t<div class=\"elementor-element elementor-element-763cb5c e-con-full e-flex e-con e-parent\" data-id=\"763cb5c\" data-element_type=\"container\" data-settings=\"{&quot;_ha_eqh_enable&quot;:false}\">\n\t\t\t\t<div class=\"elementor-element elementor-element-21b752a elementor-widget elementor-widget-text-editor\" data-id=\"21b752a\" data-element_type=\"widget\" data-widget_type=\"text-editor.default\">\n\t\t\t\t<div class=\"elementor-widget-container\">\n\t\t\t\t\t\t\t\t\tEste proceso de autoan\u00e1lisis recuerda a los grandes pensadores cl\u00e1sicos de la antig\u00fcedad, en particular a S\u00f3crates y Plat\u00f3n, conocidos por haber allanado el camino a la filosof\u00eda occidental. El aforismo socr\u00e1tico: \u201cCon\u00f3cete a ti mismo\u201d resuena a trav\u00e9s de la historia y apunta a la esencia de la educaci\u00f3n, vista como un proceso de recuerdo de ideales innatos, enfatizando as\u00ed su naturaleza espiritual.\nA la luz del autoconocimiento que ense\u00f1\u00f3 su Maestro, Plat\u00f3n ha hecho un famoso an\u00e1lisis del alma humana en su c\u00e9lebre libro Rep\u00fablica. Seg\u00fan este an\u00e1lisis, hay tres partes del alma individual. La primera y m\u00e1s importante es la parte espiritual, que es la sede de la sabidur\u00eda y tiene la capacidad de discriminar entre el bien y el mal, la verdad y la mentira, lo permanente y lo transitorio. La segunda es la fuerza de voluntad, que es aliada de la parte espiritual, a menos que haya sido mal educada por una educaci\u00f3n inadecuada. En ese caso, conduce a actos apasionados e irrazonables. La tercera es la parte deseosa, que es impulsada por sentimientos de lujuria, hambre y sed, y es movida por el deseo y el placer. La parte espiritual tiene derecho a gobernar y cuidar de toda el alma, mientras que la fuerza de voluntad debe ser su asistente y compa\u00f1era. Cuando estos dos hayan sido debidamente cultivados a trav\u00e9s de un sistema ideal de educaci\u00f3n, estar\u00e1n a cargo de la parte deseosa que es, por naturaleza, insaciable y codiciosa. Y cuando las tres partes llevan a cabo sus respectivos deberes, hay armon\u00eda y rectitud en el individuo.\n\t\t\t\t\t\t\t\t<\/div>\n\t\t\t\t<\/div>\n\t\t\t\t<\/div>\n\t\t\t\t\t<\/div>\n\t\t\t\t<\/div>\n\t\t<div class=\"elementor-element elementor-element-51d44fe e-flex e-con-boxed e-con e-parent\" data-id=\"51d44fe\" data-element_type=\"container\" data-settings=\"{&quot;_ha_eqh_enable&quot;:false}\">\n\t\t\t\t\t<div class=\"e-con-inner\">\n\t\t\t\t<div class=\"elementor-element elementor-element-97599dd elementor-widget elementor-widget-text-editor\" data-id=\"97599dd\" data-element_type=\"widget\" data-widget_type=\"text-editor.default\">\n\t\t\t\t<div class=\"elementor-widget-container\">\n\t\t\t\t\t\t\t\t\t<p><em>La justicia no est\u00e1 relacionada con las actividades externas del hombre, pero su esfera es la actividad interna de una persona. Esto significa que uno no debe permitir que las partes de su alma hagan un trabajo que no sea el suyo o que se involucren en el trabajo de otro. Tiene que ponerlos en orden, seg\u00fan su propia funci\u00f3n, y convertirse en su propio amo y en su propio amigo. Tiene que unir las tres partes de su alma, como si fueran las tres claves b\u00e1sicas de una octava, baja, alta y media, y crear una armon\u00eda a partir de ellas, haci\u00e9ndose uno entre muchas, autodisciplinado y sintonizado internamente. . &#8220;<\/em><br \/><em>(Rep\u00fablica 443 c9-e2)<\/em><\/p>\t\t\t\t\t\t\t\t<\/div>\n\t\t\t\t<\/div>\n\t\t\t\t\t<\/div>\n\t\t\t\t<\/div>\n\t\t<div class=\"elementor-element elementor-element-ae75553 e-flex e-con-boxed e-con e-parent\" data-id=\"ae75553\" data-element_type=\"container\" data-settings=\"{&quot;_ha_eqh_enable&quot;:false}\">\n\t\t\t\t\t<div class=\"e-con-inner\">\n\t\t<div class=\"elementor-element elementor-element-e726471 e-con-full e-flex e-con e-parent\" data-id=\"e726471\" data-element_type=\"container\" data-settings=\"{&quot;_ha_eqh_enable&quot;:false}\">\n\t\t\t\t<div class=\"elementor-element elementor-element-3c2b21e elementor-widget elementor-widget-text-editor\" data-id=\"3c2b21e\" data-element_type=\"widget\" data-widget_type=\"text-editor.default\">\n\t\t\t\t<div class=\"elementor-widget-container\">\n\t\t\t\t\t\t\t\t\tSathya Sai ha utilizado a menudo el juego de palabras de que EHV (Educaci\u00f3n en valores humanos) es 3HV, es decir, valores para las tres H: coraz\u00f3n, cabeza y manos. En t\u00e9rminos generales, las tres partes de la divisi\u00f3n tripartita plat\u00f3nica del alma corresponden a las tres H, de las cuales la m\u00e1s importante es el Coraz\u00f3n o la Conciencia, que deber\u00eda ser el l\u00edder. En este sentido, Sathya Sai aconseja:\nEl cuerpo es como una burbuja de agua La\nmente es como un mono loco\nEntonces, no sigas al cuerpo\nNo sigas a la mente\nSigue la conciencia\n\t\t\t\t\t\t\t\t<\/div>\n\t\t\t\t<\/div>\n\t\t\t\t<\/div>\n\t\t<div class=\"elementor-element elementor-element-989d6da e-con-full e-flex e-con e-parent\" data-id=\"989d6da\" data-element_type=\"container\" data-settings=\"{&quot;_ha_eqh_enable&quot;:false}\">\n\t\t\t\t<div class=\"elementor-element elementor-element-7203807 elementor-widget elementor-widget-text-editor\" data-id=\"7203807\" data-element_type=\"widget\" data-widget_type=\"text-editor.default\">\n\t\t\t\t<div class=\"elementor-widget-container\">\n\t\t\t\t\t\t\t\t\t\nPara un estudio m\u00e1s detallado de la conexi\u00f3n entre la filosof\u00eda plat\u00f3nica y Sathya Sai Educ\u00e6re, ver Plat\u00f3n y Sathya Sai: Educaci\u00f3n ideal y valores humanos en paralelo. Para un an\u00e1lisis en profundidad del ser humano seg\u00fan Arist\u00f3teles en relaci\u00f3n con la filosof\u00eda ved\u00e1ntica, v\u00e9ase tambi\u00e9n Arist\u00f3teles sobre Virtud y \u00e9tica: un paralelo con las ense\u00f1anzas de Sai Baba.\n\t\t\t\t\t\t\t\t<\/div>\n\t\t\t\t<\/div>\n\t\t\t\t<\/div>\n\t\t\t\t\t<\/div>\n\t\t\t\t<\/div>\n\t\t\t\t<\/div>\n\t\t","protected":false},"excerpt":{"rendered":"<p>Con\u00f3cete a Ti Mismo En el PVH la transformaci\u00f3n individual es el fundamento para el cambio colectivo Este proceso de autoan\u00e1lisis recuerda a los grandes pensadores cl\u00e1sicos de la antig\u00fcedad, en particular a S\u00f3crates y Plat\u00f3n, conocidos por haber allanado el camino a la filosof\u00eda occidental. El aforismo socr\u00e1tico: \u201cCon\u00f3cete a ti mismo\u201d resuena a [&hellip;]<\/p>\n","protected":false},"author":1,"featured_media":0,"parent":0,"menu_order":0,"comment_status":"closed","ping_status":"closed","template":"","meta":{"footnotes":""},"class_list":["post-1124","page","type-page","status-publish","hentry"],"jetpack_sharing_enabled":true,"_links":{"self":[{"href":"https:\/\/fundacionprema.org\/ws\/wp-json\/wp\/v2\/pages\/1124","targetHints":{"allow":["GET"]}}],"collection":[{"href":"https:\/\/fundacionprema.org\/ws\/wp-json\/wp\/v2\/pages"}],"about":[{"href":"https:\/\/fundacionprema.org\/ws\/wp-json\/wp\/v2\/types\/page"}],"author":[{"embeddable":true,"href":"https:\/\/fundacionprema.org\/ws\/wp-json\/wp\/v2\/users\/1"}],"replies":[{"embeddable":true,"href":"https:\/\/fundacionprema.org\/ws\/wp-json\/wp\/v2\/comments?post=1124"}],"version-history":[{"count":10,"href":"https:\/\/fundacionprema.org\/ws\/wp-json\/wp\/v2\/pages\/1124\/revisions"}],"predecessor-version":[{"id":1576,"href":"https:\/\/fundacionprema.org\/ws\/wp-json\/wp\/v2\/pages\/1124\/revisions\/1576"}],"wp:attachment":[{"href":"https:\/\/fundacionprema.org\/ws\/wp-json\/wp\/v2\/media?parent=1124"}],"curies":[{"name":"wp","href":"https:\/\/api.w.org\/{rel}","templated":true}]}}

Conócete a Ti Mismo

<div data-elementor-type="wp-page" data-elementor-id="1124" class="elementor elementor-1124" data-elementor-settings="{&quot;ha_cmc_init_switcher&quot;:&quot;no&quot;}" data-elementor-post-type="page">
				<div class="elementor-element elementor-element-3e2886f e-con-full e-flex e-con e-parent" data-id="3e2886f" data-element_type="container" data-settings="{&quot;background_background&quot;:&quot;classic&quot;,&quot;_ha_eqh_enable&quot;:false}">
				<div class="elementor-element elementor-element-d78249b elementor-widget elementor-widget-heading" data-id="d78249b" data-element_type="widget" data-widget_type="heading.default">
				<div class="elementor-widget-container">
					<h2 class="elementor-heading-title elementor-size-default">Conócete a <br>Ti Mismo</h2>				</div>
				</div>
				</div>
		<div class="elementor-element elementor-element-83155ea e-flex e-con-boxed e-con e-parent" data-id="83155ea" data-element_type="container" data-settings="{&quot;_ha_eqh_enable&quot;:false}">
					<div class="e-con-inner">
				<div class="elementor-element elementor-element-bab07c8 elementor-widget elementor-widget-heading" data-id="bab07c8" data-element_type="widget" data-widget_type="heading.default">
				<div class="elementor-widget-container">
					<h2 class="elementor-heading-title elementor-size-default">En el PVH la transformación individual es el <br>fundamento para el cambio colectivo
</h2>				</div>
				</div>
					</div>
				</div>
		<div class="elementor-element elementor-element-bd22258 e-flex e-con-boxed e-con e-parent" data-id="bd22258" data-element_type="container" data-settings="{&quot;_ha_eqh_enable&quot;:false}">
					<div class="e-con-inner">
		<div class="elementor-element elementor-element-2fe42b5 e-con-full e-flex e-con e-parent" data-id="2fe42b5" data-element_type="container" data-settings="{&quot;_ha_eqh_enable&quot;:false}">
				<div class="elementor-element elementor-element-e075283 elementor-widget elementor-widget-image" data-id="e075283" data-element_type="widget" data-widget_type="image.default">
				<div class="elementor-widget-container">
															<img fetchpriority="high" decoding="async" width="735" height="957" src="https://i0.wp.com/fundacionprema.org/ws/wp-content/uploads/2023/08/Fotos-conocete.png?fit=735%2C957&amp;ssl=1" class="attachment-large size-large wp-image-1573" alt="" srcset="https://i0.wp.com/fundacionprema.org/ws/wp-content/uploads/2023/08/Fotos-conocete.png?w=735&amp;ssl=1 735w, https://i0.wp.com/fundacionprema.org/ws/wp-content/uploads/2023/08/Fotos-conocete.png?resize=230%2C300&amp;ssl=1 230w" sizes="(max-width: 735px) 100vw, 735px" />															</div>
				</div>
				</div>
		<div class="elementor-element elementor-element-763cb5c e-con-full e-flex e-con e-parent" data-id="763cb5c" data-element_type="container" data-settings="{&quot;_ha_eqh_enable&quot;:false}">
				<div class="elementor-element elementor-element-21b752a elementor-widget elementor-widget-text-editor" data-id="21b752a" data-element_type="widget" data-widget_type="text-editor.default">
				<div class="elementor-widget-container">
									Este proceso de autoanálisis recuerda a los grandes pensadores clásicos de la antigüedad, en particular a Sócrates y Platón, conocidos por haber allanado el camino a la filosofía occidental. El aforismo socrático: “Conócete a ti mismo” resuena a través de la historia y apunta a la esencia de la educación, vista como un proceso de recuerdo de ideales innatos, enfatizando así su naturaleza espiritual.
A la luz del autoconocimiento que enseñó su Maestro, Platón ha hecho un famoso análisis del alma humana en su célebre libro República. Según este análisis, hay tres partes del alma individual. La primera y más importante es la parte espiritual, que es la sede de la sabiduría y tiene la capacidad de discriminar entre el bien y el mal, la verdad y la mentira, lo permanente y lo transitorio. La segunda es la fuerza de voluntad, que es aliada de la parte espiritual, a menos que haya sido mal educada por una educación inadecuada. En ese caso, conduce a actos apasionados e irrazonables. La tercera es la parte deseosa, que es impulsada por sentimientos de lujuria, hambre y sed, y es movida por el deseo y el placer. La parte espiritual tiene derecho a gobernar y cuidar de toda el alma, mientras que la fuerza de voluntad debe ser su asistente y compañera. Cuando estos dos hayan sido debidamente cultivados a través de un sistema ideal de educación, estarán a cargo de la parte deseosa que es, por naturaleza, insaciable y codiciosa. Y cuando las tres partes llevan a cabo sus respectivos deberes, hay armonía y rectitud en el individuo.
								</div>
				</div>
				</div>
					</div>
				</div>
		<div class="elementor-element elementor-element-51d44fe e-flex e-con-boxed e-con e-parent" data-id="51d44fe" data-element_type="container" data-settings="{&quot;_ha_eqh_enable&quot;:false}">
					<div class="e-con-inner">
				<div class="elementor-element elementor-element-97599dd elementor-widget elementor-widget-text-editor" data-id="97599dd" data-element_type="widget" data-widget_type="text-editor.default">
				<div class="elementor-widget-container">
									<p><em>La justicia no está relacionada con las actividades externas del hombre, pero su esfera es la actividad interna de una persona. Esto significa que uno no debe permitir que las partes de su alma hagan un trabajo que no sea el suyo o que se involucren en el trabajo de otro. Tiene que ponerlos en orden, según su propia función, y convertirse en su propio amo y en su propio amigo. Tiene que unir las tres partes de su alma, como si fueran las tres claves básicas de una octava, baja, alta y media, y crear una armonía a partir de ellas, haciéndose uno entre muchas, autodisciplinado y sintonizado internamente. . &#8220;</em><br /><em>(República 443 c9-e2)</em></p>								</div>
				</div>
					</div>
				</div>
		<div class="elementor-element elementor-element-ae75553 e-flex e-con-boxed e-con e-parent" data-id="ae75553" data-element_type="container" data-settings="{&quot;_ha_eqh_enable&quot;:false}">
					<div class="e-con-inner">
		<div class="elementor-element elementor-element-e726471 e-con-full e-flex e-con e-parent" data-id="e726471" data-element_type="container" data-settings="{&quot;_ha_eqh_enable&quot;:false}">
				<div class="elementor-element elementor-element-3c2b21e elementor-widget elementor-widget-text-editor" data-id="3c2b21e" data-element_type="widget" data-widget_type="text-editor.default">
				<div class="elementor-widget-container">
									Sathya Sai ha utilizado a menudo el juego de palabras de que EHV (Educación en valores humanos) es 3HV, es decir, valores para las tres H: corazón, cabeza y manos. En términos generales, las tres partes de la división tripartita platónica del alma corresponden a las tres H, de las cuales la más importante es el Corazón o la Conciencia, que debería ser el líder. En este sentido, Sathya Sai aconseja:
El cuerpo es como una burbuja de agua La
mente es como un mono loco
Entonces, no sigas al cuerpo
No sigas a la mente
Sigue la conciencia
								</div>
				</div>
				</div>
		<div class="elementor-element elementor-element-989d6da e-con-full e-flex e-con e-parent" data-id="989d6da" data-element_type="container" data-settings="{&quot;_ha_eqh_enable&quot;:false}">
				<div class="elementor-element elementor-element-7203807 elementor-widget elementor-widget-text-editor" data-id="7203807" data-element_type="widget" data-widget_type="text-editor.default">
				<div class="elementor-widget-container">
									
Para un estudio más detallado de la conexión entre la filosofía platónica y Sathya Sai Educære, ver Platón y Sathya Sai: Educación ideal y valores humanos en paralelo. Para un análisis en profundidad del ser humano según Aristóteles en relación con la filosofía vedántica, véase también Aristóteles sobre Virtud y ética: un paralelo con las enseñanzas de Sai Baba.
								</div>
				</div>
				</div>
					</div>
				</div>
				</div>

<p>Conócete a Ti Mismo En el PVH la transformación individual es el fundamento para el cambio colectivo Este proceso de autoanálisis recuerda a los grandes pensadores clásicos de la antigüedad, en particular a Sócrates y Platón, conocidos por haber allanado el camino a la filosofía occidental. El aforismo socrático: “Conócete a ti mismo” resuena a [&hellip;]</p>
