{"id":1579,"date":"2023-08-08T03:07:32","date_gmt":"2023-08-08T08:07:32","guid":{"rendered":"https:\/\/fundacionprema.org\/ws\/?page_id=1579"},"modified":"2023-08-08T03:27:47","modified_gmt":"2023-08-08T08:27:47","slug":"sentir-para-sanar-el-programa","status":"publish","type":"page","link":"https:\/\/fundacionprema.org\/ws\/sentir-para-sanar-el-programa\/","title":{"rendered":"Sentir Para Sanar El Programa"},"content":{"rendered":"\t\t<div data-elementor-type=\"wp-page\" data-elementor-id=\"1579\" class=\"elementor elementor-1579\" data-elementor-settings=\"{&quot;ha_cmc_init_switcher&quot;:&quot;no&quot;}\" data-elementor-post-type=\"page\">\n\t\t\t\t<div class=\"elementor-element elementor-element-fda49dc e-con-full e-flex e-con e-parent\" data-id=\"fda49dc\" data-element_type=\"container\" data-settings=\"{&quot;background_background&quot;:&quot;classic&quot;,&quot;_ha_eqh_enable&quot;:false}\">\n\t\t\t\t<div class=\"elementor-element elementor-element-7a58432 elementor-widget elementor-widget-heading\" data-id=\"7a58432\" data-element_type=\"widget\" data-widget_type=\"heading.default\">\n\t\t\t\t<div class=\"elementor-widget-container\">\n\t\t\t\t\t<h2 class=\"elementor-heading-title elementor-size-default\">El <br>Programa<\/h2>\t\t\t\t<\/div>\n\t\t\t\t<\/div>\n\t\t\t\t<\/div>\n\t\t<div class=\"elementor-element elementor-element-04550d9 e-flex e-con-boxed e-con e-parent\" data-id=\"04550d9\" data-element_type=\"container\" data-settings=\"{&quot;_ha_eqh_enable&quot;:false}\">\n\t\t\t\t\t<div class=\"e-con-inner\">\n\t\t\t\t<div class=\"elementor-element elementor-element-9c444e2 elementor-widget elementor-widget-text-editor\" data-id=\"9c444e2\" data-element_type=\"widget\" data-widget_type=\"text-editor.default\">\n\t\t\t\t<div class=\"elementor-widget-container\">\n\t\t\t\t\t\t\t\t\t<p>El programa <strong>\u201cSentir para Sanar\u201d<\/strong> naci\u00f3 como parte de la iniciativa que tiene como prop\u00f3sito cuidar la salud emocional infantil.<\/p><p>A trav\u00e9s de este programa buscamos brindar herramientas que le permitan a las ni\u00f1as y ni\u00f1os, como tambi\u00e9n a los adultos responsables de su cuidado, y el personal de la salud, gestionar sus emociones y fortalecer de esta manera la salud emocional.<\/p><p>La metodolog\u00eda usada en estos espacios est\u00e1 inspirada en el modelo Conscious Discipline creado por la Dra. Becky Bailey, que se basa en los estados neurol\u00f3gicos del cerebro, con el fin de comprender los estados internos del cuerpo y la mente que generan los comportamientos.<\/p><p>Se trata de cultivar la inteligencia emocional a trav\u00e9s de un programa de regulaci\u00f3n que integra el aprendizaje de las emociones y la disciplina. El modelo ha sido avalado por la Secretar\u00eda de Salud de los Estados Unidos y contribuye a fortalecer la salud mental tanto en la ni\u00f1ez como en la adultez.<\/p>\t\t\t\t\t\t\t\t<\/div>\n\t\t\t\t<\/div>\n\t\t\t\t\t<\/div>\n\t\t\t\t<\/div>\n\t\t\t\t<\/div>\n\t\t","protected":false},"excerpt":{"rendered":"<p>El Programa El programa \u201cSentir para Sanar\u201d naci\u00f3 como parte de la iniciativa que tiene como prop\u00f3sito cuidar la salud emocional infantil. A trav\u00e9s de este programa buscamos brindar herramientas que le permitan a las ni\u00f1as y ni\u00f1os, como tambi\u00e9n a los adultos responsables de su cuidado, y el personal de la salud, gestionar sus [&hellip;]<\/p>\n","protected":false},"author":1,"featured_media":0,"parent":0,"menu_order":0,"comment_status":"closed","ping_status":"closed","template":"","meta":{"footnotes":""},"class_list":["post-1579","page","type-page","status-publish","hentry"],"jetpack_sharing_enabled":true,"_links":{"self":[{"href":"https:\/\/fundacionprema.org\/ws\/wp-json\/wp\/v2\/pages\/1579","targetHints":{"allow":["GET"]}}],"collection":[{"href":"https:\/\/fundacionprema.org\/ws\/wp-json\/wp\/v2\/pages"}],"about":[{"href":"https:\/\/fundacionprema.org\/ws\/wp-json\/wp\/v2\/types\/page"}],"author":[{"embeddable":true,"href":"https:\/\/fundacionprema.org\/ws\/wp-json\/wp\/v2\/users\/1"}],"replies":[{"embeddable":true,"href":"https:\/\/fundacionprema.org\/ws\/wp-json\/wp\/v2\/comments?post=1579"}],"version-history":[{"count":17,"href":"https:\/\/fundacionprema.org\/ws\/wp-json\/wp\/v2\/pages\/1579\/revisions"}],"predecessor-version":[{"id":1599,"href":"https:\/\/fundacionprema.org\/ws\/wp-json\/wp\/v2\/pages\/1579\/revisions\/1599"}],"wp:attachment":[{"href":"https:\/\/fundacionprema.org\/ws\/wp-json\/wp\/v2\/media?parent=1579"}],"curies":[{"name":"wp","href":"https:\/\/api.w.org\/{rel}","templated":true}]}}

<div data-elementor-type="wp-page" data-elementor-id="1579" class="elementor elementor-1579" data-elementor-settings="{&quot;ha_cmc_init_switcher&quot;:&quot;no&quot;}" data-elementor-post-type="page">
				<div class="elementor-element elementor-element-fda49dc e-con-full e-flex e-con e-parent" data-id="fda49dc" data-element_type="container" data-settings="{&quot;background_background&quot;:&quot;classic&quot;,&quot;_ha_eqh_enable&quot;:false}">
				<div class="elementor-element elementor-element-7a58432 elementor-widget elementor-widget-heading" data-id="7a58432" data-element_type="widget" data-widget_type="heading.default">
				<div class="elementor-widget-container">
					<h2 class="elementor-heading-title elementor-size-default">El <br>Programa</h2>				</div>
				</div>
				</div>
		<div class="elementor-element elementor-element-04550d9 e-flex e-con-boxed e-con e-parent" data-id="04550d9" data-element_type="container" data-settings="{&quot;_ha_eqh_enable&quot;:false}">
					<div class="e-con-inner">
				<div class="elementor-element elementor-element-9c444e2 elementor-widget elementor-widget-text-editor" data-id="9c444e2" data-element_type="widget" data-widget_type="text-editor.default">
				<div class="elementor-widget-container">
									<p>El programa <strong>“Sentir para Sanar”</strong> nació como parte de la iniciativa que tiene como propósito cuidar la salud emocional infantil.</p><p>A través de este programa buscamos brindar herramientas que le permitan a las niñas y niños, como también a los adultos responsables de su cuidado, y el personal de la salud, gestionar sus emociones y fortalecer de esta manera la salud emocional.</p><p>La metodología usada en estos espacios está inspirada en el modelo Conscious Discipline creado por la Dra. Becky Bailey, que se basa en los estados neurológicos del cerebro, con el fin de comprender los estados internos del cuerpo y la mente que generan los comportamientos.</p><p>Se trata de cultivar la inteligencia emocional a través de un programa de regulación que integra el aprendizaje de las emociones y la disciplina. El modelo ha sido avalado por la Secretaría de Salud de los Estados Unidos y contribuye a fortalecer la salud mental tanto en la niñez como en la adultez.</p>								</div>
				</div>
					</div>
				</div>
				</div>

<p>El Programa El programa “Sentir para Sanar” nació como parte de la iniciativa que tiene como propósito cuidar la salud emocional infantil. A través de este programa buscamos brindar herramientas que le permitan a las niñas y niños, como también a los adultos responsables de su cuidado, y el personal de la salud, gestionar sus [&hellip;]</p>
